 the hundreds digit of 200?
2
What is the thousands digit of 2032?
2
What is the hundreds digit of 36382?
3
What is the thousands digit of 4779?
4
What is the units digit of 763?
3
What is the units digit of 470?
0
What is the tens digit of 11411?
1
What is the units digit of 2967?
7
What is the hundreds digit of 35048?
0
What is the tens digit of 8572?
7
What is the tens digit of 642?
4
What is the thousands digit of 4776?
4
What is the tens digit of 25057?
5
What is the thousands digit of 3521?
3
What is the units digit of 58?
8
What is the units digit of 25?
5
What is the ten thousands digit of 14919?
1
What is the thousands digit of 6879?
6
What is the thousands digit of 24293?
4
What is the hundred thousands digit of 197632?
1
What is the tens digit of 77196?
9
What is the hundreds digit of 8041?
0
What is the thousands digit of 11842?
1
What is the tens digit of 46774?
7
What is the thousands digit of 2520?
2
What is the tens digit of 62611?
1
What is the units digit of 401?
1
What is the hundreds digit of 3678?
6
What is the hundreds digit of 944?
9
What is the hundreds digit of 103479?
4
What is the thousands digit of 63097?
3
What is the units digit of 11487?
7
What is the units digit of 21762?
2
What is the thousands digit of 7306?
7
What is the ten thousands digit of 61382?
6
What is the thousands digit of 6056?
6
What is the thousands digit of 6713?
6
What is the thousands digit of 3851?
3
What is the hundreds digit of 95423?
4
What is the tens digit of 906?
0
What is the tens digit of 1386?
8
What is the tens digit of 606?
0
What is the tens digit of 249?
4
What is the hundreds digit of 1631?
6
What is the thousands digit of 7976?
7
What is the tens digit of 18?
1
What is the tens digit of 98970?
7
What is the units digit of 773?
3
What is the tens digit of 343?
4
What is the hundreds digit of 3639?
6
What is the tens digit of 385?
8
What is the thousands digit of 4479?
4
What is the ten thousands digit of 13654?
1
What is the tens digit of 7871?
7
What is the hundreds digit of 2130?
1
What is the units digit of 88255?
5
What is the tens digit of 13995?
9
What is the units digit of 9638?
8
What is the units digit of 40856?
6
What is the tens digit of 9154?
5
What is the tens digit of 1716?
1
What is the tens digit of 51528?
2
What is the hundreds digit of 777?
7
What is the units digit of 3400?
0
What is the thousands digit of 7185?
7
What is the ten thousands digit of 23157?
2
What is the hundreds digit of 4636?
6
What is the tens digit of 77197?
9
What is the hundreds digit of 1814?
8
What is the thousands digit of 78111?
8
What is the tens digit of 613?
1
What is the tens digit of 246?
4
What is the units digit of 449?
9
What is the units digit of 5034?
4
What is the units digit of 1998?
8
What is the hundreds digit of 2081?
0
What is the tens digit of 156706?
0
What is the thousands digit of 9548?
9
What is the hundreds digit of 3140?
1
What is the thousands digit of 22285?
2
What is the units digit of 64?
4
What is the units digit of 24257?
7
What is the hundreds digit of 17201?
2
What is the units digit of 499?
9
What is the units digit of 22167?
7
What is the units digit of 5908?
8
What is the thousands digit of 8548?
8
What is the thousands digit of 31344?
1
What is the thousands digit of 4542?
4
What is the tens digit of 802?
0
What is the hundreds digit of 282?
2
What is the thousands digit of 7693?
7
What is the tens digit of 892?
9
What is the tens digit of 76168?
6
What is the tens digit of 514?
1
What is the thousands digit of 2521?
2
What is the hundreds digit of 1015?
0
What is the tens digit of 530?
3
What is the tens digit of 2789?
8
What is the hundreds digit of 260?
2
What is the thousands digit of 9923?
9
What is the hundreds digit of 242?
2
What is the units digit of 52670?
0
What is the tens digit of 298?
9
What is the units digit of 66799?
9
What is the thousands digit of 102210?
2
What is the hundreds digit of 28344?
3
What is the ten thousands digit of 27085?
2
What is the tens digit of 855?
5
What is the hundreds digit of 3993?
9
What is the thousands digit of 1114?
1
What is the units digit of 752?
2
What is the units digit of 64334?
4
What is the hundreds digit of 9599?
5
What is the thousands digit of 2056?
2
What is the hundreds digit of 4094?
0
What is the hundreds digit of 18255?
2
What is the hundreds digit of 2625?
6
What is the tens digit of 60972?
7
What is the ten thousands digit of 83552?
8
What is the units digit of 96?
6
What is the tens digit of 6412?
1
What is the thousands digit of 2267?
2
What is the hundreds digit of 285?
2
What is the hundreds digit of 35442?
4
What is the tens digit of 17228?
2
What is the units digit of 12666?
6
What is the hundreds digit of 4666?
6
What is the thousands digit of 57376?
7
What is the units digit of 7619?
9
What is the tens digit of 33403?
0
What is the tens digit of 8465?
6
What is the tens digit of 86189?
8
What is the hundreds digit of 3442?
4
What is the ten thousands digit of 143167?
4
What is the units digit of 8731?
1
What is the units digit of 1522?
2
What is the tens digit of 745?
4
What is the hundreds digit of 68386?
3
What is the hundreds digit of 6716?
7
What is the hundreds digit of 71944?
9
What is the units digit of 3095?
5
What is the thousands digit of 4199?
4
What is the tens digit of 49893?
9
What is the hundreds digit of 3414?
4
What is the units digit of 3151?
1
What is the tens digit of 4682?
8
What is the units digit of 3073?
3
What is the thousands digit of 19364?
9
What is the tens digit of 728?
2
What is the hundreds digit of 289?
2
What is the ten thousands digit of 52564?
5
What is the hundreds digit of 658?
6
What is the tens digit of 9666?
6
What is the thousands digit of 5188?
5
What is the units digit of 8187?
7
What is the hundreds digit of 741?
7
What is the hundreds digit of 4924?
9
What is the tens digit of 912?
1
What is the thousands digit of 8010?
8
What is the ten thousands digit of 25334?
2
What is the thousands digit of 14074?
4
What is the units digit of 15768?
8
What is the thousands digit of 11916?
1
What is the hundreds digit of 7721?
7
What is the hundreds digit of 402?
4
What is the hundreds digit of 4196?
1
What is the hundreds digit of 10706?
7
What is the ten thousands digit of 13674?
1
What is the tens digit of 1537?
3
What is the tens digit of 2954?
5
What is the hundreds digit of 650?
6
What is the tens digit of 704?
0
What is the hundreds digit of 25975?
9
What is the units digit of 40620?
0
What is the tens digit of 316?
1
What is the hundreds digit of 2033?
0
What is the hundreds digit of 2825?
8
What is the tens digit of 1886?
8
What is the ten thousands digit of 38302?
3
What is the hundreds digit of 68047?
0
What is the thousands digit of 1211?
1
What is the hundreds digit of 1888?
8
What is the tens digit of 25464?
6
What is the tens digit of 71661?
6
What is the tens digit of 27186?
8
What is the tens digit of 6426?
2
What is the units digit of 76220?
0
What is the tens digit of 260?
6
What is the tens digit of 2300?
0
What is the units digit of 9876?
6
What is the tens digit of 55135?
3
What is the hundreds digit of 848?
8
What is the hundreds digit of 2468?
4
What is the hundreds digit of 523?
5
What is the units digit of 1113?
3
What is the hundreds digit of 10905?
9
What is the hundreds digit of 1424?
4
What is the units digit of 739?
9
What is the hundreds digit of 1173?
1
What is the hundreds digit of 20178?
1
What is the tens digit of 1347?
4
What is the tens digit of 4445?
4
What is the ten thousands digit of 21230?
2
What is the ten thousands digit of 25990?
2
What is the units digit of 26959?
9
What is the hundreds digit of 1427?
4
What is the units digit of 699?
9
What is the hundreds digit of 306?
3
What is the hundreds digit of 25754?
7
What is the thousands digit of 3174?
3
What is the units digit of 29895?
5
What is the units digit of 99917?
7
What is the hundreds digit of 24498?
4
What is the tens digit of 8146?
4
What is the units digit of 9504?
4
What is the thousands digit of 7794?
7
What is the units digit of 1287?
7
What is the tens digit of 89094?
9
What is the units digit of 5920?
0
What is the units digit of 52087?
7
What is the hundreds digit of 27830?
8
What